{"id":113,"date":"2025-05-09T18:33:15","date_gmt":"2025-05-09T16:33:15","guid":{"rendered":"https:\/\/ipofrance.fr\/?page_id=113"},"modified":"2025-05-09T18:46:08","modified_gmt":"2025-05-09T16:46:08","slug":"formulaire_adhesion","status":"publish","type":"page","link":"https:\/\/ipofrance.fr\/index.php\/formulaire_adhesion\/","title":{"rendered":"Formulaire Adhesion"},"content":{"rendered":"\t\t<div data-elementor-type=\"wp-page\" data-elementor-id=\"113\" class=\"elementor elementor-113\">\n\t\t\t\t<div class=\"elementor-element elementor-element-0925a5d e-flex e-con-boxed e-con e-parent\" data-id=\"0925a5d\" data-element_type=\"container\" data-e-type=\"container\">\n\t\t\t\t\t<div class=\"e-con-inner\">\n\t\t\t\t<div class=\"elementor-element elementor-element-44039c8 elementor-widget elementor-widget-wpforms\" data-id=\"44039c8\" data-element_type=\"widget\" data-e-type=\"widget\" data-widget_type=\"wpforms.default\">\n\t\t\t\t<div class=\"elementor-widget-container\">\n\t\t\t\t\t<div class=\"wpforms-container wpforms-container-full wpforms-render-modern\" id=\"wpforms-79\"><form id=\"wpforms-form-79\" class=\"wpforms-validate wpforms-form wpforms-ajax-form\" data-formid=\"79\" method=\"post\" enctype=\"multipart\/form-data\" action=\"\/index.php\/wp-json\/wp\/v2\/pages\/113\" data-token=\"15c84c474393ea67a6dfd755443a7382\" data-token-time=\"1775892585\"><noscript class=\"wpforms-error-noscript\">Veuillez activer JavaScript dans votre navigateur pour remplir ce formulaire.<\/noscript><div id=\"wpforms-error-noscript\" style=\"display: none;\">Veuillez activer JavaScript dans votre navigateur pour remplir ce formulaire.<\/div><div class=\"wpforms-field-container\"><div id=\"wpforms-79-field_11-container\" class=\"wpforms-field wpforms-field-name\" data-field-id=\"11\"><fieldset><legend class=\"wpforms-field-label\">Pr\u00e9nom et Nom <span class=\"wpforms-required-label\" aria-hidden=\"true\">*<\/span><\/legend><div class=\"wpforms-field-row wpforms-field-medium\"><div class=\"wpforms-field-row-block wpforms-first wpforms-one-half\"><input type=\"text\" id=\"wpforms-79-field_11\" class=\"wpforms-field-name-first wpforms-field-required\" name=\"wpforms[fields][11][first]\" aria-errormessage=\"wpforms-79-field_11-error\" required><label for=\"wpforms-79-field_11\" class=\"wpforms-field-sublabel after\">Pr\u00e9nom<\/label><\/div><div class=\"wpforms-field-row-block wpforms-one-half\"><input type=\"text\" id=\"wpforms-79-field_11-last\" class=\"wpforms-field-name-last wpforms-field-required\" name=\"wpforms[fields][11][last]\" aria-errormessage=\"wpforms-79-field_11-last-error\" required><label for=\"wpforms-79-field_11-last\" class=\"wpforms-field-sublabel after\">Nom<\/label><\/div><\/div><\/fieldset><\/div><div id=\"wpforms-79-field_2-container\" class=\"wpforms-field wpforms-field-text\" data-field-id=\"2\"><label class=\"wpforms-field-label\" for=\"wpforms-79-field_2\">N\u00e9(e) le : <span class=\"wpforms-required-label\" aria-hidden=\"true\">*<\/span><\/label><input type=\"text\" id=\"wpforms-79-field_2\" class=\"wpforms-field-small wpforms-field-required\" name=\"wpforms[fields][2]\" aria-errormessage=\"wpforms-79-field_2-error\" required><\/div><div id=\"wpforms-79-field_3-container\" class=\"wpforms-field wpforms-field-text\" data-field-id=\"3\"><label class=\"wpforms-field-label\" for=\"wpforms-79-field_3\">Adresse : <span class=\"wpforms-required-label\" aria-hidden=\"true\">*<\/span><\/label><input type=\"text\" id=\"wpforms-79-field_3\" class=\"wpforms-field-large wpforms-field-required\" name=\"wpforms[fields][3]\" aria-errormessage=\"wpforms-79-field_3-error\" required><\/div><div id=\"wpforms-79-field_12-container\" class=\"wpforms-field wpforms-field-text\" data-field-id=\"12\"><label class=\"wpforms-field-label\" for=\"wpforms-79-field_12\">Profession : <span class=\"wpforms-required-label\" aria-hidden=\"true\">*<\/span><\/label><input type=\"text\" id=\"wpforms-79-field_12\" class=\"wpforms-field-small wpforms-field-required\" name=\"wpforms[fields][12]\" aria-errormessage=\"wpforms-79-field_12-error\" required><\/div><div id=\"wpforms-79-field_13-container\" class=\"wpforms-field wpforms-field-email\" data-field-id=\"13\"><label class=\"wpforms-field-label\" for=\"wpforms-79-field_13\">Email Perso : <span class=\"wpforms-required-label\" aria-hidden=\"true\">*<\/span><\/label><input type=\"email\" id=\"wpforms-79-field_13\" class=\"wpforms-field-small wpforms-field-required\" name=\"wpforms[fields][13]\" spellcheck=\"false\" aria-errormessage=\"wpforms-79-field_13-error\" required><\/div><div id=\"wpforms-79-field_14-container\" class=\"wpforms-field wpforms-field-email\" data-field-id=\"14\"><label class=\"wpforms-field-label\" for=\"wpforms-79-field_14\">Email Pro :<\/label><input type=\"email\" id=\"wpforms-79-field_14\" class=\"wpforms-field-small\" name=\"wpforms[fields][14]\" spellcheck=\"false\" aria-errormessage=\"wpforms-79-field_14-error\" ><\/div><div id=\"wpforms-79-field_15-container\" class=\"wpforms-field wpforms-field-text\" data-field-id=\"15\"><label class=\"wpforms-field-label\" for=\"wpforms-79-field_15\">T\u00e9l\u00e9phone de contact : <span class=\"wpforms-required-label\" aria-hidden=\"true\">*<\/span><\/label><input type=\"text\" id=\"wpforms-79-field_15\" class=\"wpforms-field-medium wpforms-field-required wpforms-masked-input\" data-rule-inputmask-incomplete=\"1\" data-inputmask-mask=\"9999999999\" name=\"wpforms[fields][15]\" placeholder=\"Format : 0612345678\" aria-errormessage=\"wpforms-79-field_15-error\" required><\/div><div id=\"wpforms-79-field_4-container\" class=\"wpforms-field wpforms-field-checkbox wpforms-list-inline\" data-field-id=\"4\"><fieldset><legend class=\"wpforms-field-label\">Document justificatif :<\/legend><ul id=\"wpforms-79-field_4\"><li class=\"choice-1 depth-1\"><input type=\"checkbox\" id=\"wpforms-79-field_4_1\" name=\"wpforms[fields][4][]\" value=\"CNI\" aria-errormessage=\"wpforms-79-field_4_1-error\"  ><label class=\"wpforms-field-label-inline\" for=\"wpforms-79-field_4_1\">CNI<\/label><\/li><li class=\"choice-2 depth-1\"><input type=\"checkbox\" id=\"wpforms-79-field_4_2\" name=\"wpforms[fields][4][]\" value=\"Passeport\" aria-errormessage=\"wpforms-79-field_4_2-error\"  ><label class=\"wpforms-field-label-inline\" for=\"wpforms-79-field_4_2\">Passeport<\/label><\/li><li class=\"choice-3 depth-1\"><input type=\"checkbox\" id=\"wpforms-79-field_4_3\" name=\"wpforms[fields][4][]\" value=\"Carte professionnelle\" aria-errormessage=\"wpforms-79-field_4_3-error\"  ><label class=\"wpforms-field-label-inline\" for=\"wpforms-79-field_4_3\">Carte professionnelle<\/label><\/li><\/ul><\/fieldset><\/div><div id=\"wpforms-79-field_16-container\" class=\"wpforms-field wpforms-field-checkbox\" data-field-id=\"16\"><fieldset><legend class=\"wpforms-field-label\">Je sollicite mon adh\u00e9sion \u00e0 l&#039;international Police Organization section France et : <span class=\"wpforms-required-label\" aria-hidden=\"true\">*<\/span><\/legend><ul id=\"wpforms-79-field_16\" class=\"wpforms-field-required\"><li class=\"choice-1 depth-1\"><input type=\"checkbox\" id=\"wpforms-79-field_16_1\" name=\"wpforms[fields][16][]\" value=\"m&#039;engage \u00e0 adh\u00e9rer et respecter les statuts et r\u00e8glements interieurs de l&#039;IPO International et de l&#039;IPO France\" aria-errormessage=\"wpforms-79-field_16_1-error\" required ><label class=\"wpforms-field-label-inline\" for=\"wpforms-79-field_16_1\">m'engage \u00e0 adh\u00e9rer et respecter les statuts et r\u00e8glements interieurs de l'IPO International et de l'IPO France<\/label><\/li><li class=\"choice-2 depth-1\"><input type=\"checkbox\" id=\"wpforms-79-field_16_2\" name=\"wpforms[fields][16][]\" value=\"m&#039;engage \u00e0 fournir toutes les pi\u00e8ces justificatives demand\u00e9es n\u00e9cessaires \u00e0 mon adh\u00e9sion\" aria-errormessage=\"wpforms-79-field_16_2-error\" required ><label class=\"wpforms-field-label-inline\" for=\"wpforms-79-field_16_2\">m'engage \u00e0 fournir toutes les pi\u00e8ces justificatives demand\u00e9es n\u00e9cessaires \u00e0 mon adh\u00e9sion<\/label><\/li><li class=\"choice-3 depth-1\"><input type=\"checkbox\" id=\"wpforms-79-field_16_3\" name=\"wpforms[fields][16][]\" value=\"m&#039;engage \u00e0 respecter l&#039;ensemble de la l\u00e9gislation et les r\u00e8glements en vigueur en France\" aria-errormessage=\"wpforms-79-field_16_3-error\" required ><label class=\"wpforms-field-label-inline\" for=\"wpforms-79-field_16_3\">m'engage \u00e0 respecter l'ensemble de la l\u00e9gislation et les r\u00e8glements en vigueur en France<\/label><\/li><\/ul><\/fieldset><\/div><div id=\"wpforms-79-field_5-container\" class=\"wpforms-field wpforms-field-textarea\" data-field-id=\"5\"><label class=\"wpforms-field-label\" for=\"wpforms-79-field_5\">Mes qualifications, habilitations ou certifications :<\/label><textarea id=\"wpforms-79-field_5\" class=\"wpforms-field-small\" name=\"wpforms[fields][5]\" aria-errormessage=\"wpforms-79-field_5-error\" ><\/textarea><\/div><div id=\"wpforms-79-field_18-container\" class=\"wpforms-field wpforms-field-textarea\" data-field-id=\"18\"><label class=\"wpforms-field-label\" for=\"wpforms-79-field_18\">Activit\u00e9s que je souhaiterai voir d\u00e9velopper au sein de l&#039;IPO FRANCE :<\/label><textarea id=\"wpforms-79-field_18\" class=\"wpforms-field-small\" name=\"wpforms[fields][18]\" aria-errormessage=\"wpforms-79-field_18-error\" ><\/textarea><\/div>\t\t<div id=\"wpforms-79-field_1-container\"\n\t\t\tclass=\"wpforms-field wpforms-field-text\"\n\t\t\tdata-field-type=\"text\"\n\t\t\tdata-field-id=\"1\"\n\t\t\t>\n\t\t\t<label class=\"wpforms-field-label\" for=\"wpforms-79-field_1\" >Email Perso :<\/label>\n\t\t\t<input type=\"text\" id=\"wpforms-79-field_1\" class=\"wpforms-field-medium\" name=\"wpforms[fields][1]\" >\n\t\t<\/div>\n\t\t<div id=\"wpforms-79-field_19-container\" class=\"wpforms-field wpforms-field-checkbox\" data-field-id=\"19\"><fieldset><legend class=\"wpforms-field-label\"> D\u00e9claration : <span class=\"wpforms-required-label\" aria-hidden=\"true\">*<\/span><\/legend><ul id=\"wpforms-79-field_19\" class=\"wpforms-field-required\"><li class=\"choice-1 depth-1\"><input type=\"checkbox\" id=\"wpforms-79-field_19_1\" name=\"wpforms[fields][19][]\" value=\"J&#039;ai connaissance des objectifs et autres activit\u00e9s de l&#039;IPO et m&#039;engage \u00e0 appliquer les directives du Bureau IPO sans y porter atteinte de quelques mani\u00e8res que ce soit. Je prends acte \u00e9galement que je pourrais \u00eatre renvoy\u00e9 de cette organisation avec l&#039;obligation de rendre les effets sigl\u00e9s IPO sans pouvoir les porter de nouveau et ce en accord avec la l\u00e9gislation en vigueur et l&#039;acte de coop\u00e9ration internationale IPO - Justice.\" aria-errormessage=\"wpforms-79-field_19_1-error\" required ><label class=\"wpforms-field-label-inline\" for=\"wpforms-79-field_19_1\">J'ai connaissance des objectifs et autres activit\u00e9s de l'IPO et m'engage \u00e0 appliquer les directives du Bureau IPO sans y porter atteinte de quelques mani\u00e8res que ce soit. Je prends acte \u00e9galement que je pourrais \u00eatre renvoy\u00e9 de cette organisation avec l'obligation de rendre les effets sigl\u00e9s IPO sans pouvoir les porter de nouveau et ce en accord avec la l\u00e9gislation en vigueur et l'acte de coop\u00e9ration internationale IPO - Justice.<\/label><\/li><\/ul><\/fieldset><\/div><script>\n\t\t\t\t( function() {\n\t\t\t\t\tconst style = document.createElement( 'style' );\n\t\t\t\t\tstyle.appendChild( document.createTextNode( '#wpforms-79-field_1-container { position: absolute !important; overflow: hidden !important; display: inline !important; height: 1px !important; width: 1px !important; z-index: -1000 !important; padding: 0 !important; } #wpforms-79-field_1-container input { visibility: hidden; } #wpforms-conversational-form-page #wpforms-79-field_1-container label { counter-increment: none; }' ) );\n\t\t\t\t\tdocument.head.appendChild( style );\n\t\t\t\t\tdocument.currentScript?.remove();\n\t\t\t\t} )();\n\t\t\t<\/script><\/div><!-- .wpforms-field-container --><div class=\"wpforms-submit-container\" ><input type=\"hidden\" name=\"wpforms[id]\" value=\"79\"><input type=\"hidden\" name=\"page_title\" value=\"\"><input type=\"hidden\" name=\"page_url\" value=\"https:\/\/ipofrance.fr\/index.php\/wp-json\/wp\/v2\/pages\/113\"><input type=\"hidden\" name=\"url_referer\" value=\"\"><button type=\"submit\" name=\"wpforms[submit]\" id=\"wpforms-submit-79\" class=\"wpforms-submit\" data-alt-text=\"Envoi...\" data-submit-text=\"Envoyer\" aria-live=\"assertive\" value=\"wpforms-submit\">Envoyer<\/button><img decoding=\"async\" src=\"https:\/\/ipofrance.fr\/wp-content\/plugins\/wpforms-lite\/assets\/images\/submit-spin.svg\" class=\"wpforms-submit-spinner\" style=\"display: none;\" width=\"26\" height=\"26\" alt=\"Chargement en cours\"><\/div><\/form><\/div>  <!-- .wpforms-container -->\t\t\t\t<\/div>\n\t\t\t\t<\/div>\n\t\t\t\t\t<\/div>\n\t\t\t\t<\/div>\n\t\t\t\t<\/div>\n\t\t","protected":false},"excerpt":{"rendered":"<p>Veuillez activer JavaScript dans votre navigateur pour remplir ce formulaire.Veuillez activer JavaScript dans votre navigateur pour remplir ce formulaire. Pr\u00e9nom et Nom * Pr\u00e9nomNom N\u00e9(e) le : *Adresse : *Profession : *Email Perso : *Email Pro :T\u00e9l\u00e9phone de contact : * Document justificatif : CNI Passeport Carte professionnelle Je sollicite mon adh\u00e9sion \u00e0 l&#039;international Police [&hellip;]<\/p>\n","protected":false},"author":2,"featured_media":0,"parent":0,"menu_order":0,"comment_status":"closed","ping_status":"closed","template":"","meta":{"footnotes":""},"class_list":["post-113","page","type-page","status-publish","hentry"],"blocksy_meta":[],"_links":{"self":[{"href":"https:\/\/ipofrance.fr\/index.php\/wp-json\/wp\/v2\/pages\/113","targetHints":{"allow":["GET"]}}],"collection":[{"href":"https:\/\/ipofrance.fr\/index.php\/wp-json\/wp\/v2\/pages"}],"about":[{"href":"https:\/\/ipofrance.fr\/index.php\/wp-json\/wp\/v2\/types\/page"}],"author":[{"embeddable":true,"href":"https:\/\/ipofrance.fr\/index.php\/wp-json\/wp\/v2\/users\/2"}],"replies":[{"embeddable":true,"href":"https:\/\/ipofrance.fr\/index.php\/wp-json\/wp\/v2\/comments?post=113"}],"version-history":[{"count":5,"href":"https:\/\/ipofrance.fr\/index.php\/wp-json\/wp\/v2\/pages\/113\/revisions"}],"predecessor-version":[{"id":118,"href":"https:\/\/ipofrance.fr\/index.php\/wp-json\/wp\/v2\/pages\/113\/revisions\/118"}],"wp:attachment":[{"href":"https:\/\/ipofrance.fr\/index.php\/wp-json\/wp\/v2\/media?parent=113"}],"curies":[{"name":"wp","href":"https:\/\/api.w.org\/{rel}","templated":true}]}}